s of h?
2, 23
Suppose j = 22*j - 86940. List the prime factors of j.
2, 3, 5, 23
Suppose 9 + 9 = -2*c. List the prime factors of (c + 4)*-2*(-10)/(-4).
5
Suppose -7 = -3*k - 22. Let j be (-3 + 6/(-10))*k. What are the prime factors of (-3487)/(-99) + (-4)/j?
5, 7
Let n(s) = -8. Let b(y) = y - 9. Let o(i) = -5*b(i) + 4*n(i). What are the prime factors of o(-8)?
53
Let k(t) = t**2 + t - 4. Let n be k(5). Let p be (-1040)/(-170) - 18/153. Let j = n - p. What are the prime factors of j?
2, 5
Let h be 3 - 32/12 - (-650)/3. Let v = h - 131. List the prime factors of v.
2, 43
Let k(f) be the first derivative of 27*f**2/2 - 4*f + 11. What are the prime factors of k(3)?
7, 11
Let g = 570 - 18. List the prime factors of (g/(-32))/(3/(-16)).
2, 23
What are the prime factors of ((-1)/3)/((-1)/447)?
149
Suppose -20*g + 5297 + 25183 = 0. List the prime factors of g.
2, 3, 127
Suppose 4*g = 0, 3*m - 24 = -g + 9. Let u = -962 - -967. Suppose s - u*o = -m, 8*s - o - 41 = 3*s. What are the prime factors of s?
3
Let t = -257 + 567. Suppose t + 152 = 6*o. List the prime factors of o.
7, 11
Suppose -2337 = -7*b + 9920. What are the prime factors of b?
17, 103
Let q = 58 - 51. Suppose 6*k + q - 91 = 0. List the prime factors of k.
2, 7
Let c be 20*((-9)/2)/(-9). Suppose 0 = 3*r - 5*r + c. List the prime factors of r.
5
Let y(c) = -3*c**2 - 2*c - 94. Let o(q) = -4*q**2 - 3*q - 94. Let i(d) = 4*o(d) - 5*y(d). List the prime factors of i(0).
2, 47
Let x(f) = 59*f - 154. What are the prime factors of x(12)?
2, 277
Let g(j) = 1. Let w(d) = -d - 6. Let z(o) = 5*g(o) + w(o). Let r be z(-6). Suppose r*t - 101 = -1. What are the prime factors of t?
2, 5
Suppose -6248 = 81*o - 92*o. List the prime factors of o.
2, 71
Let r = 53 + -26. Let f = r + 4. What are the prime factors of f?
31
Let v = 10 + -5. Let c(o) = -2*o - 2*o + 20 + v*o. What are the prime factors of c(0)?
2, 5
Let z(j) = j**2 + 11*j - 318. What are the prime factors of z(-77)?
2, 3, 397
Suppose 4*j = 5*a - 2*a + 427, -3*j = -a - 324. List the prime factors of (j - (0 + 1)) + 46/23.
2, 5, 11
Let b = -282 + 375. What are the prime factors of b?
3, 31
Let d(t) = -138*t**3. Let j(u) = u**2 + u - 1. Let r be j(-1). Let n be d(r). Suppose 2*z - n = -5*a, -2*a + z - 11 = -59. What are the prime factors of a?
2, 13
Let h = 48 + -52. Let l(c) = -26*c - 3. What are the prime factors of l(h)?
101
Suppose 28*y = 18*y + 4350. What are the prime factors of y?
3, 5, 29
What are the prime factors of (-7 - 949/52)/(1/(-136))?
2, 17, 101
Suppose 18*y = 7*y + 20361. List the prime factors of y.
3, 617
Suppose -7*v - 112 = -3*v. Let l = v - -36. Suppose -l*n = -9*n + 31. List the prime factors of n.
31
Suppose 6 = -3*t, 28 - 7 = 3*r - 3*t. Suppose 5*u - 334 = -r*l + 261, -5*l = -4*u - 586. What are the prime factors of l?
2, 59
Let z be 1 - 2/((-2)/(-29)). Let w(v) = v**2 - 16*v + 34. Let p be w(12). What are the prime factors of 4/p + (-1212)/z?
43
Let q = 12 - 10. Suppose -4*g = -q*g + 2. Let u = 24 + g. List the prime factors of u.
23
Let q = -3 - -5. Suppose 3*v = -5*c + 20, -q*c - 44 = -v - 3*v. Let r = -8 + v. What are the prime factors of r?
2
Let p = -1442 - -2256. What are the prime factors of p?
2, 11, 37
Let j = -16 - -27. Suppose 1507 - 165 = j*l. What are the prime factors of l?
2, 61
Let q(h) = -332*h - 476. What are the prime factors of q(-6)?
2, 379
Suppose -3*j - 4*t = -7*t - 24, 4*j - t = 20. Suppose 0 = 4*f - 5*f + j. Suppose -100 = -3*x + 2*u, f*x + u - 122 = -2*u. List the prime factors of x.
2
Suppose 2*d - 28 = -2*q, 3*d + 4*q = 3*q + 32. Suppose 4*n - 16 = 0, d = -4*t + 5*n - 7. What are the prime factors of (12 - t)*(-64)/(-16)?
2, 11
Let z = 151 - 249. List the prime factors of z/(-28)*(1 - -5).
3, 7
Suppose 13*c = 8*c + 35. List the prime factors of c.
7
List the prime factors of (0 + 10/4)/((-27)/(-47034)).
5, 13, 67
Let r(y) be the third derivative of 2*y**4/3 - 32*y**3/3 + 2*y**2 + 16*y. What are the prime factors of r(18)?
2, 7
Suppose 11 = p - 0*p. Let z = -29 - p. What are the prime factors of (z/14)/((-26)/91)?
2, 5
Suppose 2*p = 2*z + 4*p + 564, -4*z - p - 1113 = 0. Let s = -157 - z. Suppose -j + 5*j = s. What are the prime factors of j?
2, 3, 5
Suppose 3*t = -5*y + 3664, -10*t + 6 = -13*t. What are the prime factors of y?
2, 367
Suppose 11*t - 7*t = -96. Let a be t/6*(-1)/(-2). List the prime factors of ((-13)/a)/(1/4).
2, 13
List the prime factors of (49 - -3457) + 2 + (2 - 1).
11, 29
Suppose -5*f + 2*h = -42, -f + 2*h = 1 - 3. Let k = 17 - f. Suppose k*v - 68 = 3*v. List the prime factors of v.
17
Let s = 366 - 217. Suppose -5*x + 131 = 4*c - 36, -3*c = -x - s. List the prime factors of c.
2, 3
Let r = -1070 - -1672. Suppose -2*c - 5*u = -297, -5*u + 3*u = 4*c - r. What are the prime factors of c?
151
Let l = -181 - -439. List the prime factors of l.
2, 3, 43
Let f be 2 + (-3 - -29*8). Suppose -2*s + 250 = 2*c + 22, -2*s = -c - f. Let q = s - 38. List the prime factors of q.
7, 11
Let f = 7 - -258. What are the prime factors of f?
5, 53
Let k(r) = r**2 + 13*r + 2. Let p be k(-13). Suppose -5*w = 5, 2*u - 4*u + p*w = -378. List the prime factors of u.
2, 47
Let w = -2 + 8. Let i(h) = 24*h + 1. Let g be i(w). Suppose 0 = -4*q - 5*r + 107, -5*q - 6*r = -2*r - g. What are the prime factors of q?
3, 11
Let o(n) = -14*n - 131. List the prime factors of o(-11).
23
Let y(d) = -d**2 + 10*d + 8. Suppose 3*n - n - k = 10, -2*k = -2*n + 14. Suppose 8 = 4*f - n*f. List the prime factors of y(f).
2, 3
Suppose -5*o + 8 + 7 = 0, 3*o = -4*r + 29. Let b(p) = 2*p**2 - 7*p - 1. Let j be b(r). List the prime factors of (-439)/(-7) + 4/j.
3, 7
What are the prime factors of (-2 - -1966) + (1 - 5)*1?
2, 5, 7
Let c(p) = p**2 - 9*p + 14. Let l be c(8). Suppose -l*v + 510 - 114 = 0. List the prime factors of v.
2, 3, 11
Let o(y) = 2*y**2 - 5*y - 6. What are the prime factors of o(6)?
2, 3
Let f(o) = -o**2 + o + 6. Let y be f(0). List the prime factors of (y*1)/(26/143).
3, 11
Suppose 3*b = 3*h + 6, 3*h - 2*h = -2*b - 2. Suppose -5*n + 2*s + 28 = 0, b = 3*s - 5*s + 2. Suppose n*v - 2*v - 168 = 0. What are the prime factors of v?
2, 3, 7
Let c(k) = k + 10. Let p be c(-6). Suppose 3*i = -x + 30, 0 = 2*x - p*x - 6. What are the prime factors of i?
11
Let a(k) = k**3 + 6*k**2 - 2*k + 9. Suppose -2*b - 19 = -39. Suppose -b = 5*p - o - 4*o, 8 = -p - o. List the prime factors of a(p).
2, 11
Let x = 61 + -1. List the prime factors of 3010/x - 1/6.
2, 5
Let c(m) = 24*m**2 - 17*m - 32. List the prime factors of c(7).
5, 41
Suppose -5*c - 569 = -2*x, -870 = -3*x - 0*c + 2*c. List the prime factors of x.
2, 73
Let u be (-4 - -1)/(6/(-184)). Let b(r) = r**2 + 13*r + 27. Let y be b(-11). Suppose -t = -y*t + u. What are the prime factors of t?
23
Let t(y) be the second derivative of -y**5/20 - y**4/4 + y**3/6 - y**2/2 + 8*y. Let m be t(-3). What are the prime factors of m/(-6)*(-375)/(-5)?
2, 5
What are the prime factors of 6 + -2 + (-2367)/(-9)?
3, 89
Suppose -2*l + 6238 = -4*y, -3*l + 2*y + 7352 = -2021. List the prime factors of l.
53, 59
Let s(k) = -266*k + 40. What are the prime factors of s(-14)?
2, 941
Let b(x) = 3*x**3 + 2*x**2 - 3*x + 1. Let j = 55 + -54. What are the prime factors of b(j)?
3
Suppose -5880 = -o + 4*c, 5*c + 7576 = -4*o + 31075. What are the prime factors of o?
2, 13, 113
Suppose -9 + 24 = -5*z, 3*s + 2*z - 1551 = 0. Suppose 5*r - s - 656 = 0. What are the prime factors of r?
5, 47
Suppose 0 = -9*f + 6*f - 243. Let z = f + 120. Let n = -13 + z. What are the prime factors of n?
2, 13
Suppose -2868 = -15*y + 1932. Suppose -5*f + y = -1020. List the prime factors of f.
2, 67
Let o be (6/4)/(-1) + (-4233)/34. Let t = o + 296. What are the prime factors of t?
2, 5, 17
Let r(v) = -v**3 + 12*v**2 + 11 + 5 + 3*v**2 + 24*v + 5*v**2. List the prime factors of r(21).
79
Suppose -432*c = -438*c + 19200. List the prime factors of c.
2, 5
Suppose 4*l = -5*m + 3077, -m = 5*l - 3508 - 354. Suppose 2*t - 514 = -4*f + 2*f, -3*t - 5*f + l = 0. List the prime factors of t.
2
Suppose 0 = 4*w - k - 9, k = -5 + 4. Suppose -5*d - w*x = -429 + 59, -d + 2*x = -74. What are the prime factors of d?
2, 37
Suppose 6*f - 11*f = -20. Suppose -v = -f*v. Suppose -6*d + 2*d + 128 = v. List the prime factors of d.
2
List the prime factors o